-11000
In base 11, what is -4 - -374?
370
In base 13, what is 151 - 4?
14a
In base 12, what is 84 - 5?
7b
In base 3, what is -1 - -1001120?
1001112
In base 4, what is -1011 - 10?
-1021
In base 9, what is -3 - -450?
446
In base 15, what is -47 - 4?
-4b
In base 4, what is -210121 - -11?
-210110
In base 16, what is 5 + -6a2?
-69d
In base 6, what is 1442 - -4?
1450
In base 16, what is 125 - -8?
12d
In base 3, what is 0 - 200001?
-200001
In base 8, what is 65 - -2?
67
In base 7, what is 61 - 26?
32
In base 15, what is -2 - -9d?
9b
In base 4, what is -220132 - -3?
-220123
In base 15, what is -95 + 11?
-84
In base 16, what is -23 + -e?
-31
In base 6, what is -100111 + -5?
-100120
In base 8, what is 10 + -1355?
-1345
In base 13, what is 9 - -c0?
c9
In base 16, what is 3 - -28?
2b
In base 10, what is 50 + 8?
58
In base 13, what is -4 + 145?
141
In base 15, what is -50 + -33?
-83
In base 15, what is 2a4 + -4?
2a0
In base 16, what is -1 - -210?
20f
In base 3, what is -112100 + -10?
-112110
In base 6, what is 12443 + -1?
12442
In base 13, what is 18 + -99?
-81
In base 9, what is -436 - -5?
-431
In base 2, what is -11001 + 1101?
-1100
In base 9, what is -514 - 3?
-517
In base 3, what is -1000000 - 1?
-1000001
In base 11, what is -25167 + -2?
-25169
In base 10, what is 6 + -151?
-145
In base 15, what is -4 - 233?
-237
In base 2, what is 10000101 - -1?
10000110
In base 4, what is 10 + 1002?
1012
In base 7, what is -4003 + 46?
-3624
In base 3, what is -212 - 122120?
-200102
In base 3, what is 2022002 - 11?
2021221
In base 4, what is -310 + -3222?
-10132
In base 14, what is 3 + -64?
-61
In base 14, what is 650 - -5?
655
In base 8, what is -1 - -5732?
5731
In base 14, what is 16 - 11?
5
In base 8, what is -1200 + -1?
-1201
In base 14, what is 5 + 44b?
452
In base 5, what is -143 + 2?
-141
In base 14, what is -1 + 7b?
7a
In base 4, what is -111 + -12?
-123
In base 4, what is -10 - -1122?
1112
In base 14, what is -24 - 29?
-4d
In base 9, what is -6622 + 2?
-6620
In base 16, what is 152 + 5?
157
In base 12, what is -5611 + -2?
-5613
In base 8, what is 1726 + 1?
1727
In base 6, what is -3 + 255?
252
In base 4, what is -1211 - -2?
-1203
In base 16, what is -5 - -25?
20
In base 16, what is 2 - -222?
224
In base 13, what is 0 + 117?
117
In base 3, what is -12 + -210001?
-210020
In base 14, what is -cb + 4?
-c7
In base 9, what is -103 + 6?
-86
In base 8, what is 5 - 2556?
-2551
In base 12, what is 6 + -173?
-169
In base 15, what is 2 - -c9?
cb
In base 15, what is -1b2 + -19?
-1cb
In base 4, what is -110 + -23?
-133
In base 7, what is -23 + -21?
-44
In base 10, what is 6 + 8?
14
In base 2, what is -100 + -11001?
-11101
In base 3, what is -12 - -10210?
10121
In base 10, what is -46 + 53?
7
In base 2, what is 11100101 + 10?
11100111
In base 14, what is 7439 - 5?
7434
In base 11, what is -3571 - -5?
-3567
In base 13, what is -13 - 69?
-7c
In base 15, what is -4 - -22?
1d
In base 10, what is 212 - 12?
200
In base 3, what is -22 + -2112?
-2211
In base 13, what is 189 + 0?
189
In base 16, what is -267 + -8?
-26f
In base 6, what is 5 + 203?
212
In base 3, what is 1001 + 12012?
20020
In base 2, what is -11 + 110110?
110011
In base 11, what is 3 + -10?
-8
In base 13, what is 3707 - 0?
3707
In base 5, what is -2 - -11?
4
In base 13, what is -2 + -8c?
-91
In base 12, what is -1 - -37?
36
In base 4, what is 21 - -12?
33
In base 12, what is -77 + -1?
-78
In base 7, what is -16 + -22?
-41
In base 13, what is 0 + 51?
51
In base 2, what is -101100011110 + -100?
-101100100010
In base 7, what is -10 - 22?
-32
In base 7, what is 5561 - -5?
5566
In base 7, what is 1 - -140?
141
In base 14, what is -9 - -86?
7b
In base 12, what is 3 - 85?
-82
In base 5, what is 14111 + 2?
14113
In base 5, what is 20020 - -1?
20021
In base 9, what is -168 + -13?
-182
In base 6, what is -42325 - 2?
-42331
In base 6, what is 3 - -122?
125
In base 3, what is 212202 - 111?
212021
In base 16, what is 143 - -4?
147
In base 8, what is 5 + -56?
-51
In base 3, what is -2 + -2002000?
-2002002
In base 7, what is 3 - 250?
-244
In base 14, what is 1d + -8?
15
In base 10, what is 11 + -19?
-8
In base 13, what is -6b + -208?
-276
In base 16, what is -239 + 3?
-236
In base 5, what is -1234 - -11?
-1223
In base 10, what is 5 + 1158?
1163
In base 16, what is 2eb - 2?
2e9
In base 11, what is 38 - -51?
89
In base 8, what is 1 - -4?
5
In base 4, what is 11 - -22222?
22233
In base 4, what is -10 - -202?
132
In base 16, what is 77 - 1?
76
In base 14, what is 31 + 2d?
60
In base 3, what is -10121 + 10?
-10111
In base 13, what is -5 + 774?
76c
In base 14, what is 1 + 16?
17
In base 2, what is 11 + 10000111000?
10000111011
In base 16, what is 0 + e?
e
In base 13, what is -374 + 4?
-370
In base 14, what is -51 - 53?
-a4
In base 12, what is 29 + -5a?
-31
In base 5, what is -1 + -213?
-214
In base 14, what is -c - -5?
-7
In base 3, what is 12 - 22101110?
-22101021
In base 13, what is 110 - -c?
11c
In base 9, what is -110 + 23?
-76
In base 16, what is 58 + 6?
5e
In base 3, what is -1011 + -201?
-1212
In base 7, what is 24 - 3?
21
In base 10, what is 2 + -53?
-51
In base 12, what is -2 + 4053?
4051
In base 3, what is -1 - 10112?
-10120
In base 8, what is 50 - 11?
37
In base 13, what is -21 - -1?
-20
In base 8, what is -1 - 1211?
-1212
In base 3, what is -22102 + 2?
-22100
In base 2, what is 1111 - 1001101000?
-1001011001
In base 4, what is 11 + 200012?
200023
In base 11, what is 7 + -100?
-a4
In base 14, what is -392 + 1?
-391
In base 9, what is 8503 - 5?
8487
In base 15, what is -4ae2 + 2?
-4ae0
In base 13, what is 10 + -126?
-116
In base 6, what is 521 + 0?
521
In base 12, what is -9187 - 2?
-9189
In base 10, what is 2 + 4?
6
In base 5, what is -3 + -4?
-12
In base 13, what is 51 - 1?
50
In base 2, what is 100 - -110001?
110101
In base 7, what is -41 - 21?
-62
In base 3, what is -11 + 2211110?
2211022
In base 16, what is -496 + -5?
-49b
In base 2, what is 1111111 - -1000111?
11000110
In base 9, what is 3 + -2?
1
In base 6, what is 250 - -22?
312
In base 7, what is 23 - -226?
252
In base 5, what is -112041 + -2?
-112043
In base 2, what is 11 + 100001101?
100010000
In base 13, what is -1 + 1238?
1237
In base 14, what is -23 - 5?
-28
In base 9, what is -3304 - 2?
-3306
In base 14, what is -56b - 17?
-584
In base 2, what is 10 + -10111010?
-10111000
In base 14, what is -384 - 0?
-384
In base 15, what is 394 - -1?
395
In base 11, what is -796 + -3?
-799
In base 11, what is 4 - 147?
-143
In base 4, what is 0 + -10111?
-10111
In base 9, what is -13 + 316?
303
In base 6, what is 5 + -25420?
-25411
In base 7, what is -1 - 10312?
-10313
In base 7, what is -113 - -3?
-110
In base 13, what is -18 + 7?
-11
In base 7, what is -3126 + 4?
-3122
In base 16, what is 126 + 2?
128
In base 11, what is 3 - -62?
65
In base 11, what is 284 - 5?
27a
In base 4, what is -30013 + 21?
-23332
In base 8, what is 2 - 321?
-317
In base 9, what is 685 + -2?
683
In base 7, what is -3 + -362?
-365
In base 5, what is -312 + 0?
-312
In base 9, what is -2 + 186?
184
In base 9, what is -562 + -5?
-567
In base 12, what is 2aa9 - -4?
2ab1
In base 10, what is -7 - 0?
-7
In base 7, what is 21 + 232?
253
In base 11, what is -90 - 4?
-94
In base 8, what is -330 + 0?
-330
In base 15, what is a - -43?
4d
In base 7, what is 42 - -1?
43
In base 14, what is 2a0 - 15?
289
In base 16, what is 76 - -d?
83
In base 11, what is 17 - -344?
360
In base 2, what is -100011 - 10?
-100101
In base 9, what is -28 + -52?
-81
In base 12, what is -92 + 49?
-45
In base 14, what is 849 + -4?
845
In base 11, what is -6 + -29?
-34
In base 16, what is -28d + -5?
-292
In base 9, what is -238 - -5?
-233
In base 5, what is -4312 + -10?
-4322
In base 12, what is 28 - 7?
21
In base 16, what is 151d + 2?
151f
In base 2, what is 1100110011 - 0?
1100110011
In base 15, what is -2 - -78?
76
In base 2, what is -1000001 + 101011100?
100011011
In base 6, what is -334032 + -5?
-334041
In base 5, what is 20 + -121?
-101
In base 13, what is -1 - -1902?
1901
In base 7, what is -365 - -4?
-361
In base 15, what is be4 - 5?
bde
In base 3, what is 0 - -22012?
22012
In base 3, what is -12 - 20020?
-20102
In base 6, what is 12530 + -1?
12525
In base 11, what is 20 + -6?
15
In base 3, what is -202 + -1011?
-1220
In base 12, wh